ber?
False
Is 10541 prime?
False
Is 29893 a prime number?
False
Is 354953 prime?
True
Is 31847 prime?
True
Is 233 prime?
True
Is 6001 composite?
True
Is 382163 prime?
True
Is 45751 composite?
False
Is 2880805 a prime number?
False
Is 30389 prime?
True
Is 47181 a prime number?
False
Is 72973 a composite number?
False
Is 1151599 composite?
False
Is 5677 a prime number?
False
Is 4393 composite?
True
Is 41267 composite?
True
Is 589487 a prime number?
False
Is 4148981 prime?
False
Is 1817 prime?
False
Is 1481 a prime number?
True
Is 89413 a prime number?
True
Is 5519 composite?
False
Is 268133 prime?
True
Is 200689 a prime number?
True
Is 108451 prime?
False
Is 11617 composite?
False
Is 181949 composite?
True
Is 284521 prime?
True
Is 554663 a prime number?
True
Is 14591 composite?
False
Is 8951 prime?
True
Is 25939 a prime number?
True
Is 3643 composite?
False
Is 1862997 composite?
True
Is 147887 composite?
True
Is 76231 a composite number?
False
Is 20681 a prime number?
True
Is 92591 a composite number?
True
Is 1093571 composite?
False
Is 182165 prime?
False
Is 1361 a composite number?
False
Is 23407 a composite number?
True
Is 6989 a composite number?
True
Is 731803 prime?
True
Is 25757 prime?
False
Is 17707 a composite number?
False
Is 71741 a prime number?
True
Is 15581 prime?
True
Is 171499 composite?
True
Is 23557 a composite number?
False
Is 2809 a composite number?
True
Is 3271 a prime number?
True
Is 153613 composite?
True
Is 82711 a composite number?
True
Is 48145 composite?
True
Is 29663 prime?
True
Is 5597 prime?
False
Is 85795 a prime number?
False
Is 16837 composite?
True
Is 69821 prime?
True
Is 177549 a prime number?
False
Is 4663 composite?
False
Is 156217 prime?
True
Is 2911 a composite number?
True
Is 31063 composite?
False
Is 4201 a composite number?
False
Is 86455 composite?
True
Is 233033 a prime number?
False
Is 32539 composite?
True
Is 387659 a prime number?
True
Is 107889 composite?
True
Is 30143 composite?
True
Is 3033229 a prime number?
True
Is 49505 composite?
True
Is 536621 a prime number?
True
Is 16477 a prime number?
True
Is 6922 prime?
False
Is 57221 composite?
False
Is 53999 composite?
True
Is 1055 a composite number?
True
Is 869511 a composite number?
True
Is 3109 composite?
False
Is 13567 a prime number?
True
Is 644951 composite?
False
Is 58511 a prime number?
True
Is 1618 a prime number?
False
Is 26153 prime?
True
Is 24859 prime?
True
Is 243911 composite?
False
Is 326419 a prime number?
False
Is 1750253 a composite number?
False
Is 347722 prime?
False
Is 1850227 prime?
True
Is 90599 composite?
False
Is 1031351 a prime number?
False
Is 587 prime?
True
Is 3245037 a prime number?
False
Is 64301 a prime number?
True
Is 53353 a prime number?
True
Is 14998 a composite number?
True
Is 94687 a composite number?
False
Is 1707833 a composite number?
False
Is 5669 a prime number?
True
Is 1631893 a prime number?
False
Is 66841 prime?
True
Is 303679 prime?
True
Is 64723 a composite number?
True
Is 293627 prime?
False
Is 122557 a composite number?
False
Is 16811 prime?
True
Is 165829 a composite number?
False
Is 4885 a prime number?
False
Is 7499 composite?
False
Is 16751 a prime number?
False
Is 6521 a prime number?
True
Is 309923 composite?
True
Is 4778773 a prime number?
False
Is 613 a composite number?
False
Is 1357207 composite?
True
Is 29411 a prime number?
True
Is 10589 composite?
False
Is 158443 a prime number?
True
Is 360471 prime?
False
Is 19949 a prime number?
True
Is 138667 a composite number?
True
Is 125943 a prime number?
False
Is 349049 prime?
False
Is 22003 a composite number?
False
Is 70223 a composite number?
False
Is 22054 a prime number?
False
Is 4642841 a composite number?
True
Is 376669 a composite number?
True
Is 65497 composite?
False
Is 1399 composite?
False
Is 19571 a prime number?
True
Is 671401 a prime number?
True
Is 888091 prime?
True
Is 22205 a prime number?
False
Is 99347 a composite number?
False
Is 5147 prime?
True
Is 7609 a prime number?
False
Is 35393 a composite number?
False
Is 51923 prime?
False
Is 1193 a composite number?
False
Is 12271 a composite number?
True
Is 185021 a composite number?
False
Is 943 a prime number?
False
Is 14453 composite?
True
Is 106939 composite?
True
Is 89171 a prime number?
False
Is 864437 prime?
False
Is 73579 prime?
False
Is 101857 prime?
False
Is 175207 composite?
True
Is 30053 a composite number?
True
Is 1224959 a prime number?
False
Is 95451 a prime number?
False
Is 71593 a prime number?
True
Is 1034413 a prime number?
False
Is 298169 composite?
False
Is 179021 prime?
True
Is 1732411 prime?
False
Is 46983 prime?
False
Is 3967 prime?
True
Is 47041 a prime number?
True
Is 1693 composite?
False
Is 35654 prime?
False
Is 1163 prime?
True
Is 110681 composite?
False
Is 458263 a prime number?
False
Is 27983 prime?
True
Is 40181 composite?
True
Is 330173 a prime number?
False
Is 1597 a prime number?
True
Is 37531 a composite number?
True
Is 138313 prime?
False
Is 127913 a composite number?
False
Is 34022 prime?
False
Is 32531 a composite number?
False
Is 21929 a composite number?
False
Is 1249 a prime number?
True
Is 288049 a prime number?
True
Is 81599 prime?
False
Is 1967 prime?
False
Is 112987 a prime number?
False
Is 85691 a composite number?
False
Is 31883 prime?
True
Is 14939 composite?
False
Is 550241 a composite number?
False
Is 16307 a prime number?
False
Is 8485 composite?
True
Is 35729 a prime number?
True
Is 733687 prime?
True
Is 94567 composite?
True
Is 89291 composite?
True
Is 308117 a prime number?
True
Is 1901107 composite?
True
Is 1739 prime?
False
Is 149249 a composite number?
False
Is 151499 a composite number?
False
Is 373411 a prime number?
False
Is 2237 composite?
False
Is 119797 a composite number?
False
Is 4889 a composite number?
False
Is 19831 a prime number?
False
Is 453019 a composite number?
True
Is 1340861 composite?
False
Is 5953 a composite number?
False
Is 1480915 a prime number?
False
Is 2039 prime?
True
Is 806657 a prime number?
True
Is 1903103 prime?
True
Is 36503 composite?
True
Is 13517 a composite number?
True
Is 790961 composite?
False
Is 883 prime?
True
Is 135241 a composite number?
False
Is 2503 prime?
True
Is 94279 prime?
False
Is 6349 composite?
True
Is 185519 prime?
True
Is 379531 prime?
True
Is 3659 prime?
True
Is 900709 a composite number?
True
Is 64969 composite?
False
Is 438937 a composite number?
False
Is 12891 a prime number?
False
Is 10831 prime?
True
Is 439753 a composite number?
False
Is 379861 prime?
False
Is 31162 composite?
True
Is 7817 a composite number?
False
Is 37847 a composite number?
False
Is 10085 prime?
False
Is 6997 a prime number?
True
Is 10367 composite?
True
Is 4327 composite?
False
Is 98247 composite?
True
Is 3607 a prime number?
True
Is 31873 composite?
False
Is 545579 a composite number?
False
Is 153623 a composite number?
False
Is 13646 prime?
False
Is 63737 composite?
False
Is 200287 a composite number?
True
Is 34421 prime?
True
Is 2615419 a composite number?
True
Is 1481 a prime number?
True
Is 6056531 composite?
True
Is 20621 composite?
True
Is 45659 prime?
True
Is 16251 a prime number?
False
Is 7069 prime?
True
Is 14671 prime?
False
Is 5923 a composite number?
False
Is 19487 prime?
False
Is 233267 a prime number?
True
Is 4817 composite?
False
Is 1087 a composite number?
False
Is 8222 a prime number?
False
Is 9017 a composite number?
True
Is 21797 prime?
False
Is 2417741 prime?
True
Is 234677 a composite number?
True
Is 557891 a composite number?
False
Is 4729 composite?
False
Is 53983 composite?
True
Is 5209 a composite number?
False
Is 1758761 a prime number?
True
Is 11369 a prime number?
True
Is 264283 a composite number?
False
Is 7295 prime?
False
Is 548791 composite?
False
Is 22339 a prime number?
False
Is 8471 a prime number?
False
Is 7039 prime?
True
Is 6743 a composite number?
True
Is 9383 a prime number?
False
Is 137621 a prime number?
False
Is 16183 composite?
False
Is 4271 a prime number?
True
Is 7045 a composite number?
True
Is 9655 composite?
True
Is 84037 composite?
True
Is 7789 a composite number?
False
Is 5381 a composite number?
False
Is 48371 composite?
False
Is 12451 a prime number?
True
Is 379 composite?
False
Is 32831 composite?
False
Is 24671 a prime number?
True
I